 a composite number?
True
Is 38431 a composite number?
False
Is 20593 composite?
False
Is 122719 a prime number?
True
Is 3665 a composite number?
True
Is 1282571 composite?
False
Is 39821 prime?
True
Is 109333 a composite number?
True
Is 805027 composite?
False
Is 1115729 a composite number?
True
Is 135559 composite?
False
Is 12079 composite?
True
Is 792223 a prime number?
True
Is 653033 prime?
True
Is 3137 a prime number?
True
Is 24781 composite?
False
Is 1463653 a prime number?
False
Is 187409 a prime number?
True
Is 29101 prime?
True
Is 240641 a composite number?
False
Is 464249 a prime number?
False
Is 4677 prime?
False
Is 2453 composite?
True
Is 9859 a composite number?
False
Is 6159 a composite number?
True
Is 19297 prime?
False
Is 12671 a prime number?
True
Is 14113 composite?
True
Is 14909 a composite number?
True
Is 202957 a composite number?
True
Is 56489 prime?
True
Is 64217 prime?
True
Is 187687 prime?
True
Is 129463 prime?
False
Is 485461 a prime number?
False
Is 76343 a prime number?
True
Is 95269 composite?
True
Is 12799 a prime number?
True
Is 108677 composite?
False
Is 49981 prime?
False
Is 9413 composite?
False
Is 14009 a prime number?
True
Is 677767 prime?
True
Is 58243 composite?
False
Is 176123 composite?
False
Is 3671 a composite number?
False
Is 955 a composite number?
True
Is 98281 prime?
False
Is 39971 composite?
False
Is 73807 a prime number?
False
Is 7739 a prime number?
False
Is 36139 a composite number?
True
Is 57711 prime?
False
Is 30869 a composite number?
False
Is 73985 a prime number?
False
Is 18251 prime?
True
Is 3107 composite?
True
Is 105071 a prime number?
True
Is 7734119 a composite number?
False
Is 63049 a prime number?
False
Is 2267 a composite number?
False
Is 104869 prime?
True
Is 4493 a composite number?
False
Is 196201 a composite number?
False
Is 19121 a prime number?
True
Is 94771 prime?
True
Is 221489 a composite number?
False
Is 38393 a prime number?
True
Is 913643 a composite number?
True
Is 76343 a composite number?
False
Is 12311 prime?
False
Is 539211 a prime number?
False
Is 68371 a prime number?
True
Is 7726 a composite number?
True
Is 4595 composite?
True
Is 120983 a composite number?
True
Is 242857 a prime number?
False
Is 133013 composite?
False
Is 539767 prime?
False
Is 62177 a composite number?
True
Is 86923 composite?
False
Is 15401 a prime number?
True
Is 29851 composite?
False
Is 5489 prime?
False
Is 23369 a composite number?
False
Is 489631 a composite number?
False
Is 55957 a composite number?
True
Is 247939 a composite number?
False
Is 125066 prime?
False
Is 23783 prime?
False
Is 941945 composite?
True
Is 863405 composite?
True
Is 179897 composite?
False
Is 5147 a prime number?
True
Is 18761 a composite number?
True
Is 38891 composite?
False
Is 2329073 composite?
False
Is 3063 prime?
False
Is 21711 composite?
True
Is 2001061 a composite number?
True
Is 63923 a prime number?
False
Is 63569 composite?
True
Is 15941 prime?
False
Is 104651 prime?
True
Is 6007 prime?
True
Is 94513 prime?
True
Is 110161 composite?
False
Is 14765 composite?
True
Is 29623 composite?
True
Is 237227 a composite number?
True
Is 870937 a composite number?
True
Is 220453 a prime number?
False
Is 2609 composite?
False
Is 237 a composite number?
True
Is 109331 a composite number?
False
Is 26081 a composite number?
True
Is 2231 composite?
True
Is 40159 a prime number?
False
Is 1597 prime?
True
Is 1078097 prime?
False
Is 901 composite?
True
Is 471 prime?
False
Is 269167 a composite number?
False
Is 250271 a composite number?
True
Is 313787 composite?
True
Is 251 a composite number?
False
Is 169987 prime?
True
Is 12433 a composite number?
False
Is 2879971 composite?
False
Is 11957 a prime number?
False
Is 133919 a prime number?
True
Is 531766 a composite number?
True
Is 3623 composite?
False
Is 10831 a prime number?
True
Is 998285 prime?
False
Is 47239 prime?
False
Is 767 a composite number?
True
Is 273631 prime?
False
Is 361709 a prime number?
False
Is 7451 a prime number?
True
Is 65239 prime?
True
Is 629069 composite?
True
Is 1477 prime?
False
Is 5627 a composite number?
True
Is 7639 prime?
True
Is 3127 prime?
False
Is 65477 a prime number?
False
Is 5671 composite?
True
Is 1355021 composite?
False
Is 406969 prime?
True
Is 2101 a composite number?
True
Is 45509 a prime number?
False
Is 359477 prime?
True
Is 79747 a composite number?
True
Is 565 a prime number?
False
Is 16103 a composite number?
False
Is 198955 prime?
False
Is 205043 a prime number?
True
Is 6005 a prime number?
False
Is 263723 composite?
False
Is 867469 a prime number?
False
Is 13835 prime?
False
Is 383102 prime?
False
Is 1717 a composite number?
True
Is 179161 a prime number?
True
Is 22511 a prime number?
True
Is 1543 a composite number?
False
Is 36587 a prime number?
True
Is 172001 prime?
True
Is 81281 prime?
True
Is 1802793 a composite number?
True
Is 111029 composite?
False
Is 17957 a composite number?
False
Is 469759 a prime number?
False
Is 15253 a composite number?
True
Is 172478 a prime number?
False
Is 121 a composite number?
True
Is 73277 prime?
True
Is 95369 a prime number?
True
Is 10211 a composite number?
False
Is 1637 a composite number?
False
Is 36587 prime?
True
Is 126913 a composite number?
False
Is 6343 a composite number?
False
Is 225121 composite?
True
Is 24611 prime?
True
Is 1277 composite?
False
Is 2515333 a prime number?
False
Is 40459 a prime number?
True
Is 391909 a prime number?
False
Is 20417 a composite number?
True
Is 66797 a prime number?
True
Is 5129 composite?
True
Is 534403 prime?
True
Is 26813 prime?
True
Is 327049 a prime number?
False
Is 557261 a prime number?
True
Is 46133 a composite number?
False
Is 675077 a prime number?
False
Is 18671 a prime number?
True
Is 32593 a composite number?
True
Is 449653 a composite number?
False
Is 13463 composite?
False
Is 10223 a prime number?
True
Is 121229 a prime number?
True
Is 5077 a composite number?
False
Is 161 prime?
False
Is 45803 prime?
False
Is 5155 composite?
True
Is 20738 composite?
True
Is 21881 a composite number?
False
Is 22535 composite?
True
Is 5879 prime?
True
Is 18041 a composite number?
False
Is 780077 a composite number?
True
Is 202799 prime?
True
Is 2120653 prime?
True
Is 529 a prime number?
False
Is 193621 composite?
True
Is 380797 a composite number?
False
Is 21254 composite?
True
Is 67003 composite?
False
Is 8705 prime?
False
Is 51269 a prime number?
False
Is 47863 prime?
False
Is 11027 prime?
True
Is 385153 composite?
False
Is 3221 composite?
False
Is 247141 a prime number?
True
Is 8663 a composite number?
False
Is 8329 prime?
True
Is 39441 composite?
True
Is 40787 a composite number?
False
Is 78427 prime?
True
Is 63901 prime?
True
Is 48049 a prime number?
True
Is 900961 composite?
True
Is 8641 a prime number?
True
Is 11273 prime?
True
Is 836245 a composite number?
True
Is 65451 composite?
True
Is 164163 a composite number?
True
Is 12515 a prime number?
False
Is 14635 a prime number?
False
Is 4346453 a composite number?
False
Is 16183 a composite number?
False
Is 109859 composite?
False
Is 10189 a composite number?
True
Is 883013 composite?
False
Is 274319 a composite number?
True
Is 187315 a composite number?
True
Is 75281 a prime number?
False
Is 18203 prime?
False
Is 10811 prime?
False
Is 7817 prime?
True
Is 17939 a composite number?
False
Is 1766 composite?
True
Is 36229 prime?
True
Is 3907 a composite number?
False
Is 667067 a prime number?
False
Is 177 a composite number?
True
Is 13471 composite?
True
Is 56983 prime?
True
Is 1850279 a prime number?
True
Is 58271 prime?
True
Is 73081 a composite number?
True
Is 115499 prime?
True
Is 130337 a prime number?
True
Is 7349 a composite number?
False
Is 42509 a composite number?
False
Is 257663 composite?
True
Is 6119 prime?
False
Is 878443 composite?
False
Is 66497 a composite number?
True
Is 144497 a prime number?
True
Is 48967 a prime number?
False
Is 27413 prime?
False
Is 10581 a prime number?
False
Is 290843 a composite number?
True
Is 38797 a composite number?
True
Is 23977 prime?
True
Is 24377 a composite number?
True
Is 7591 prime?
True
Is 43 a prime number?
True
Is 323413 a prime number?
True
Is 36251 a prime number?
True
Is 51931 composite?
True
Is 31531 a composite number?
False
Is 487